ctor of z and 2?
1
Let b be (-3 - -33)*(1 + 23/(-5)). Let k = 124 - b. Let v = k + -166. Calculate the highest common divisor of 165 and v.
33
Suppose 7*h + 259 = 5*f, 3*f + 31*h = 28*h + 177. What is the highest common divisor of f and 6608?
56
Let j = -1023 - -1033. What is the greatest common divisor of j and 2300?
10
Suppose 55*w - 208 = 42*w. Let s(a) = -a + 1. Let y(l) = -11*l - 44. Let k(i) = -6*s(i) - y(i). Let b be k(w). Calculate the highest common factor of 31 and b.
31
Let u = -11 + 5. Let l be 12 - (105*-2)/10. Let s = u + l. Calculate the highest common factor of s and 3.
3
Suppose -124*n + 706785 + 151293 = 69*n. Calculate the greatest common divisor of 9 and n.
9
Suppose -2*b - 3*b = 25, -4*o = 2*b - 10. Suppose 543 = o*a - 4*y + 3*y, 0 = -2*a + 4*y + 228. Calculate the highest common divisor of 36 and a.
36
Suppose -6 = b - 3*u + 1, 0 = -5*b - 5*u + 25. Let h(f) = 25 - f**b + 2*f**2 + f + 4*f - 5. Let z be h(12). What is the highest common divisor of z and 28?
28
Suppose -653 = -46*u + 83757. Suppose -24*y - 227 + u = 0. What is the highest common divisor of y and 67?
67
Let n = -3 + 6. Suppose n*h - 7*i = -3*i - 5, 0 = h - i. Let j(c) = 6*c - 40. Let l be j(7). What is the highest common factor of l and h?
1
Let l(i) = -i**3 - 7*i**2 + 17*i + 6. Let s be l(-10). Suppose -5*n - u = -6*n + s, n + 5*u - 118 = 0. What is the highest common factor of n and 76?
19
Suppose 19*w + 2088 = 23*w. Suppose -4*o = -o - w. Calculate the highest common factor of o and 58.
58
Let r be 1*17 - (-35 + 36). Calculate the greatest common divisor of 328 and r.
8
Suppose 4*y + 2*x - 656 = -x, y = 5*x + 164. Suppose -11 = -3*t - a + 2, 5*a = -5*t + 25. What is the greatest common divisor of y and t?
4
Let r be ((-52)/(-20))/((-31)/(-15) + -2). Calculate the highest common divisor of 1079 and r.
13
Let j(p) = 9*p**2 - 9*p + 18. Let o be j(11). Suppose -5*b + o = -b. Suppose -2*y = 5*y - b. Calculate the highest common divisor of 4 and y.
4
Let b(m) = 3*m**2 - 17*m - 118. Let n be b(-5). Calculate the greatest common divisor of n and 12.
6
Suppose 3*x - 78483 = -78360. Calculate the highest common factor of x and 52849.
41
Suppose -3*s + 11 = -3*c - 1, 5*s - 8 = 2*c. Let v be 130 + (-3 - -1 - c). What is the greatest common factor of 11 and v?
11
Let l be (-4)/20 + 1/5. Suppose 4*g + n - 22 = l, 2*g + n + 3*n = 18. Suppose g*y = -4*y + 162. What is the greatest common divisor of y and 9?
9
Suppose -4*k + 1260 = 4*w, -9*k + 14*k - 1557 = w. What is the highest common factor of 228 and k?
12
Let r(i) = 9*i**2 + 3*i - 3. Let k be r(4). Suppose 72 - 2316 = -33*x. What is the greatest common factor of x and k?
17
Let t be 3915/7 + ((-750)/(-70) - 11). Let i = 129 + t. What is the highest common factor of i and 43?
43
Let t(w) = -6*w**2 + 131*w - 192. Let f be t(20). Calculate the greatest common divisor of 4676 and f.
28
Let a(l) = l**3 - 50*l**2 - 42*l - 9374. Let m be a(54). Suppose 5*z + 3*h = 1271, 4*h = 2*z - 6*z + 1020. Calculate the highest common factor of m and z.
11
Let v(h) = h**3 + 5*h**2 - 7*h - 32. Let l be v(-5). Let f be l/(2/(-9) + (-20)/(-36)). Calculate the greatest common factor of f and 45.
9
Suppose 4*m - 920 = 5*k, -80 = 2*m + k - 554. Let a = -15441 - -15535. What is the greatest common divisor of m and a?
47
Let c be (28/(-1232)*-341)/((-3)/(-60)). What is the highest common divisor of c and 16275?
155
Let k = -5565 + 5580. Calculate the greatest common factor of 830 and k.
5
Suppose 14*h - 19*h - 2*w = -15, -2*h + 6 = 5*w. What is the greatest common divisor of 573 and h?
3
Suppose 19*j - 207 = 13*j + 4593. Calculate the greatest common divisor of 544 and j.
32
Let t be 15/((2/16)/(94/1128)). What is the highest common factor of 7690 and t?
10
Let a = -199 + 195. Let x(s) = -s**2 + 7*s + 58. Let z be x(a). Calculate the highest common divisor of 742 and z.
14
Let j = 3051 + -3045. Calculate the greatest common factor of 192 and j.
6
Let o = 2094 + -1986. Calculate the highest common factor of 2448 and o.
36
Suppose -5*t + 460 = 4*h, 3550*h - 3555*h = 5*t - 580. What is the highest common factor of h and 4260?
60
Suppose 292*s - 48609 + 6561 = 0. Let v = -11 + 17. Calculate the highest common factor of v and s.
6
Let h = -397 + 401. Suppose -r + 5*z = r - 28, r = -2*z - h. What is the highest common divisor of r and 100?
4
Suppose -8*l = -i - 5*l + 328, l - 1338 = -4*i. Suppose -6*v + i = 190. Calculate the greatest common divisor of 120 and v.
24
Let l(g) = g**3 - 25*g**2 + 16*g + 21. Let d be l(24). Let j = 913 + d. Calculate the greatest common divisor of 14 and j.
14
Suppose 1146*a - 1058*a = 8448. Calculate the highest common divisor of 4048 and a.
16
Let q be -3 + -145 + 0/(-6). Let b = -132 - q. Suppose -10 = 5*p + 4*o, 3*p - 4*o - 3 - 23 = 0. What is the greatest common divisor of b and p?
2
Let x(i) = 178*i**2 + 3*i + 1. Let y be x(-1). Let r = 191 - y. Suppose 0 + 6 = k. What is the greatest common factor of r and k?
3
Let d be 3*-7*(-2)/2. Let y(g) = 6*g - 61. Let w be y(11). Let a(q) = 10*q**2 - 15*q - 7. Let j be a(w). Calculate the greatest common factor of j and d.
21
Suppose -4*x + x + 93 = -3*l, 18*l = 19*l. Calculate the highest common factor of 37231 and x.
31
Suppose -590 = -4*m + 3*o + 245, 2*o = -2. Calculate the highest common factor of m and 598.
26
Suppose 5*d = -4*k + 386 + 78, -4*k - 2*d = -464. Suppose -17*u = -898 + k. Calculate the greatest common factor of u and 2.
2
Let l(q) = 137*q + 162. Let m be l(0). What is the greatest common factor of m and 4374?
162
Let g be 3 + (148 - (-2)/(-2)). Let j(b) = b**3 + 6*b**2 - 4*b + 1. Let p be j(-6). What is the greatest common divisor of p and g?
25
Let x = 3701 - 3591. What is the highest common divisor of x and 260?
10
Let p(i) = -i - 4. Let n be p(-7). Let u be (n - (5 + 1)) + 53. Let s = 1454 - 1444. Calculate the greatest common divisor of s and u.
10
Let y = -125 + 132. Let d be 0/2*y/14. Suppose 0 = 5*j - 5*g - 150, d*j = -j - g + 30. What is the highest common divisor of 30 and j?
30
Suppose w = 6*w + 17*w - 50512. What is the greatest common divisor of 63 and w?
7
Let z = 1333 - 747. Let l = z - 422. Calculate the greatest common divisor of 123 and l.
41
Suppose 0 = 2*g - 2*n - 378, 4*n - 158 = -3*g + 381. What is the greatest common divisor of 518 and g?
37
Let v = -5298 + 5361. Let n = 37 - -44. What is the highest common divisor of v and n?
9
Let m = -103 + 100. Let a be 44 + 27 - m*(-1 + 0). Let h(f) = 12*f**2 - 6. Let y be h(-3). Calculate the highest common divisor of a and y.
34
Suppose 0 = 2*m - 2*o - 14442, 5*m + 5*o = 4*o + 36075. Calculate the highest common divisor of m and 352.
176
Suppose -221*g + 258318 = -1064146. Calculate the greatest common divisor of 2112 and g.
352
Suppose 617*h - 594*h = 27048. What is the highest common divisor of h and 343?
49
Let v(w) = -2*w + 51. Let g be (-160)/8*9/(-12). Let u be v(g). Calculate the greatest common factor of 15 and u.
3
Suppose 3*u + 5*l + 516 = 0, -3*u = 2*u - 2*l + 860. Let c = u + 218. What is the greatest common factor of 23 and c?
23
Suppose -9*i = -6*i - 27. Let u be -5 - (546/(-52) - 1/(-2)). Suppose f + 2*f - u*r - 23 = 0, 4*f = -r. Calculate the greatest common factor of i and f.
1
Let c be -16 + 9 + (-7647)/(-3). Suppose -c - 1033 = -5*i. Calculate the greatest common factor of i and 65.
65
Let f(l) = 7*l - 37. Let m = 74 + -68. Let w be f(m). Suppose 10 = 3*q + w*v - 9, -4*q = 5*v - 27. What is the greatest common factor of q and 1?
1
Let r = 140 - 135. Suppose -20 = 23*z - 27*z, 5*i + r*z - 850 = 0. What is the highest common factor of 132 and i?
33
Let p be 8/(8/(-65)) + 1/(-1). Let q = 76 + p. Let o = 1 + 9. Calculate the greatest common factor of o and q.
10
Suppose 189 = k + a, -a - 540 = -12*k + 1702. What is the greatest common divisor of k and 306?
17
Let v(m) = m**3 - 20*m**2 + 17*m + 18. Let s be v(21). Let k be ((-156)/(-18) - 3)*9. What is the highest common divisor of k and s?
51
Let p be -1 - -2*149*2. Let j = 211127 + -211042. Calculate the highest common factor of j and p.
85
Let o = -47 - -8. Let z = o + 44. Suppose 0 = -4*m - h + 198 + 45, 0 = -z*m + 2*h + 294. What is the highest common factor of 20 and m?
20
Suppose z = -4*u - u + 213, -3*z + 80 = 2*u. Let